{"id":901,"date":"2025-11-22T02:07:13","date_gmt":"2025-11-22T02:07:13","guid":{"rendered":"https:\/\/minhquan.sgi.edu.vn\/?page_id=901"},"modified":"2025-11-22T03:01:53","modified_gmt":"2025-11-22T03:01:53","slug":"thanhtoan","status":"publish","type":"page","link":"https:\/\/minhquan.sgi.edu.vn\/index.php\/thanhtoan\/","title":{"rendered":"Thanhtoan"},"content":{"rendered":"\t\t<div data-elementor-type=\"wp-page\" data-elementor-id=\"901\" class=\"elementor elementor-901\" data-elementor-post-type=\"page\">\n\t\t\t\t<div class=\"elementor-element elementor-element-b643889 e-flex e-con-boxed e-con e-parent\" data-id=\"b643889\" data-element_type=\"container\">\n\t\t\t\t\t<div class=\"e-con-inner\">\n\t\t\t\t<div class=\"elementor-element elementor-element-bd3ce66 e-checkout-layout-two-column elementor-widget elementor-widget-woocommerce-checkout-page\" data-id=\"bd3ce66\" data-element_type=\"widget\" data-widget_type=\"woocommerce-checkout-page.default\">\n\t\t\t\t<div class=\"elementor-widget-container\">\n\t\t\t\t\t<div class=\"woocommerce\"><\/div>\t\t\t\t<\/div>\n\t\t\t\t<\/div>\n\t\t\t\t\t<\/div>\n\t\t\t\t<\/div>\n\t\t\t\t<\/div>\n\t\t","protected":false},"excerpt":{"rendered":"<p>Thanh to\u00e1n H\u1ecd&nbsp;* T\u00ean&nbsp;* Qu\u1ed1c gia\/Khu v\u1ef1c&nbsp;*Ch\u1ecdn Qu\u1ed1c gia\/Khu v\u1ef1c&hellip;\u1ea2 R\u1eadp X\u00ea \u00datAfghanistanAi C\u1eadpAlbaniaAlg\u00e9rieAndorraAngolaAnguillaAnh (UK)Antigua v\u00e0 Barbuda\u00c1oArgentinaArmeniaArubaAzerbaijan\u1ea4n \u0110\u1ed9BahamasBahrainBangladeshBarbadosB\u1eafc MacedoniaBelarusBelauBelizeBeninBermudaBhutanB\u1ec9BoliviaBonaire, Saint Eustatius v\u00e0 SabaBosnia v\u00e0 HerzegovinaBotswanaB\u1ed3 \u0110\u00e0o NhaB\u1edd bi\u1ec3n Ng\u00e0BrazilBruneiBulgariaBurkina FasoBurundiCabo VerdeC\u00e1c Ti\u1ec3u \u0111\u1ea3o xa c\u1ee7a Hoa K\u1ef3 (US)C\u00e1c ti\u1ec3u v\u01b0\u01a1ng qu\u1ed1c \u1ea2 R\u1eadpCameroonCampuchiaCanadaChadChileColombiaComorosCongo (Brazzaville)Congo (Kinshasa)Costa RicaC\u1ed9ng h\u00f2a DominicaC\u1ed9ng h\u00f2a S\u00e9cC\u1ed9ng h\u00f2a Trung PhiCroatiaCubaCura\u00e7aoDjiboutiDominica\u0110\u00e0i Loan\u0110an M\u1ea1ch\u0110\u1ea3o [&hellip;]<\/p>\n","protected":false},"author":1,"featured_media":0,"parent":0,"menu_order":0,"comment_status":"closed","ping_status":"closed","template":"","meta":{"footnotes":""},"class_list":["post-901","page","type-page","status-publish","hentry"],"_links":{"self":[{"href":"https:\/\/minhquan.sgi.edu.vn\/index.php\/wp-json\/wp\/v2\/pages\/901","targetHints":{"allow":["GET"]}}],"collection":[{"href":"https:\/\/minhquan.sgi.edu.vn\/index.php\/wp-json\/wp\/v2\/pages"}],"about":[{"href":"https:\/\/minhquan.sgi.edu.vn\/index.php\/wp-json\/wp\/v2\/types\/page"}],"author":[{"embeddable":true,"href":"https:\/\/minhquan.sgi.edu.vn\/index.php\/wp-json\/wp\/v2\/users\/1"}],"replies":[{"embeddable":true,"href":"https:\/\/minhquan.sgi.edu.vn\/index.php\/wp-json\/wp\/v2\/comments?post=901"}],"version-history":[{"count":7,"href":"https:\/\/minhquan.sgi.edu.vn\/index.php\/wp-json\/wp\/v2\/pages\/901\/revisions"}],"predecessor-version":[{"id":911,"href":"https:\/\/minhquan.sgi.edu.vn\/index.php\/wp-json\/wp\/v2\/pages\/901\/revisions\/911"}],"wp:attachment":[{"href":"https:\/\/minhquan.sgi.edu.vn\/index.php\/wp-json\/wp\/v2\/media?parent=901"}],"curies":[{"name":"wp","href":"https:\/\/api.w.org\/{rel}","templated":true}]}}